-79 + 234. Suppose -122*x = -117*x - p. What is the tens digit of x?
3
What is the units digit of (-2 - -2) + 82778/2 - (38 - 38)?
9
Suppose -1 = z, 3*f + z - 2205 = 34229. What is the thousands digit of f?
2
Suppose 8*a - 2*a - 3288 = 0. Suppose -21*c + 38*c - 5134 = 0. Let g = a - c. What is the hundreds digit of g?
2
Let g = 385 + -86. What is the tens digit of ((-4)/(-26) - 237452/g)/(-1)?
9
Let j be (1 + 2/(-8))/(7/(-84)). Let t = 121 - 126. What is the hundreds digit of j/45 + (-586)/t?
1
Let r be (7 - 1950/286) + 75/11. Suppose -b = -60 - 181. Suppose -b = r*a - 1109. What is the tens digit of a?
2
Let v(d) = -9*d**3 + 97*d**2 + 194*d - 52. What is the ten thousands digit of v(-16)?
5
Let g = 391 - 392. Let z(p) = 1410*p**2. What is the thousands digit of z(g)?
1
Suppose -9*l = -54 - 261. Let t be 1 + -3 + l + -7. Suppose 0 = 3*a - 7*p + 2*p - t, 2*a = -2*p + 44. What is the tens digit of a?
1
Let z be 10/(-8)*(-9 - -5). Suppose 4*f = z*c + 40 + 666, -3*c = 3*f - 516. What is the units digit of f?
4
Let v(b) = -2*b + 47. Let u be v(9). Let s(f) = -f**3 + 29*f**2 + 24*f + 20. What is the hundreds digit of s(u)?
7
Let v = 520 + -43. Suppose -9*p + 4*t = -6*p - 474, -3*p = -5*t - v. What is the tens digit of p?
5
What is the hundreds digit of 3/(-36) - (-2511012)/1008?
4
Suppose 0 = -56*c + 50*c - 18. What is the tens digit of 5 + (-1)/(c/(-12)) - -1428?
2
Suppose -8*i = -12*i + 2*t + 25320, 3*t = 6. What is the tens digit of i?
3
Suppose -3*d - 5*o = -14038, 1897 = d - 4*o - 2771. What is the hundreds digit of d?
6
Suppose -21*c - o = -20*c - 18963, -18963 = -c - 8*o. What is the tens digit of c?
6
Let a(d) = -1042*d - 419. What is the thousands digit of a(-23)?
3
Let u(v) = -v**3 + 12*v**2 - 13*v - 8. Let n be u(9). Let g = 219 + n. What is the tens digit of g?
3
Suppose -2*q + 1501431 = 60*q + 41*q. What is the thousands digit of q?
4
Let b(o) = -4*o**3 - 5*o**2 - 23*o - 44. Suppose -3*f - m - 3 = -2*f, -2*m = -8. What is the thousands digit of b(f)?
1
Suppose 0 = -11*i + 12*i - 8. Let d(v) = v + 8. Let w be d(-9). What is the tens digit of i/(-2) - (w - 43)?
4
Let k = -2282 + 11141. What is the hundreds digit of k?
8
Suppose -16*n + 5*n = 61908. Let l = -3975 - n. What is the hundreds digit of l?
6
Let a(u) = -4*u + 108. Suppose -4*b + 17 = 5. Suppose -20 + 20 = b*q. What is the units digit of a(q)?
8
Suppose 0 = -73*y + 46*y + 38*y - 215149. What is the thousands digit of y?
9
Let u = 6481 - -1535. What is the thousands digit of u?
8
What is the hundreds digit of (-409 + -1)*(-7956)/340?
5
Suppose 4*w + 350 = -10*w. What is the units digit of 850/20*(-480)/w?
6
Let w(u) = 36*u + 178. Let x(c) = 67*c + 357. Let d(q) = -5*w(q) + 2*x(q). What is the hundreds digit of d(-31)?
2
Let m(c) = c**3 - 11*c**2 + 20*c - 13. Let l be m(9). Let b be 1*(14/(-2))/(l/10). What is the units digit of b/(((-4)/10)/(45/25))?
3
Let p(b) be the third derivative of b**5/60 - b**4/2 - 2*b**3 - b**2. Suppose -5*c - 288 = -258. What is the tens digit of p(c)?
9
Let f(q) = 5*q**2 + 27*q - 23. Let w be f(-16). What is the hundreds digit of w/2 + (-6)/(-4)?
4
Let q(k) = -18827*k + 153. What is the tens digit of q(-2)?
0
Let s be 1*3/(-9)*3*412. Let t = -234 - s. What is the tens digit of t?
7
Suppose -41*k + 37*k - 5*r = -357, 2*r = -4*k + 354. Let j(x) = 12*x. Let s be j(5). Suppose -3*l + s = 3*f, 0*f - 2*l + k = 4*f. What is the tens digit of f?
2
Suppose 0 = -2*h - 2*l + 80986, 1938*l - 1943*l = -5*h + 202445. What is the thousands digit of h?
0
Let r(v) = -96 + 6*v + 137 - 2*v. Let w be r(-25). Let t = w - -78. What is the tens digit of t?
1
Suppose 12*l = 11*l + 25. Suppose -3*g + l = 2*g, 0 = -4*p - 3*g - 21. What is the hundreds digit of (-2040)/(-45)*p/(-2)?
2
Let b = 27 + -38. Let q be 2190/(-8) + (33/(-4))/b. Let g = q + 418. What is the tens digit of g?
4
Let b(o) = -4*o**2 - 10. Let z(p) be the third derivative of -p**5/60 - p**4/24 - p**3/6 + 26*p**2. Let a(f) = b(f) - 5*z(f). What is the units digit of a(-14)?
1
Suppose 28*u = 32*u - 12. Suppose 8 = 4*p - 12, u*p = 2*h - 67. What is the units digit of h?
1
What is the units digit of (-178)/(6*8/(-360))?
5
Suppose 3*l = -4*s + 6, -3*s = -0*l - l - 11. Suppose 0 = -s*q + 336 + 204. What is the tens digit of 4/18 - 5/(q/(-676))?
1
Let y(i) = -29*i - 27. Let b be y(-13). Suppose 3*s - 3*d - 360 = 0, -2*s + 5*d + b = s. What is the tens digit of (-50)/(-4)*450/s?
4
Suppose 0 = 2*y - 4*y - 5*t + 373, 3*y - 4*t - 571 = 0. What is the units digit of ((-810)/y)/((-1)/119)?
0
Let o be 9492/36 - 3/(-9). Suppose -188 = -z + 4*g + o, 5*z - 4*g = 2324. What is the tens digit of z?
6
Let f(i) = i**3 + 10*i**2 + 5*i - 17. Let u be f(-10). Let t = u + 53. What is the tens digit of (-1)/((-4)/t + (-365)/1155)?
3
Let f = -134 - -136. Suppose -10*q + 15*q - 3*u - 1756 = 0, 0 = -f*q - 3*u + 715. What is the hundreds digit of q?
3
Let d be 5 - -6 - (4 + -2). Let h(l) = 7*l**2 + 19*l - 82. What is the units digit of h(d)?
6
Suppose 2*h + 22 = 14, -4*z + 28 = -2*h. Let l(c) = 12*c**2 - c - 1. What is the tens digit of l(z)?
9
Let y(w) = -15 + 3*w**2 - 29*w + 8*w**2 + 26*w - 3*w**2 - 3*w**2. What is the tens digit of y(16)?
1
Let g be (-1 - 3) + 29 - 2*-1. Let n(y) = -706 + 706 + g*y. What is the tens digit of n(3)?
8
Suppose -n + 134 = -156. Let c(m) = 20*m**3 + m**2 - 1. Let z be c(-2). Let p = n + z. What is the tens digit of p?
3
Let k = -252 + 1711. Let p = k - -265. What is the thousands digit of p?
1
Let v = 484 + 146. Suppose 0*z = 5*z - v. Suppose -7*f = -1288 - z. What is the tens digit of f?
0
Let k(l) = l**3 - 8*l**2 - 22*l + 40. What is the hundreds digit of k(15)?
2
Suppose 0 = 3*h + 970*c - 965*c - 79113, -52742 = -2*h + 5*c. What is the hundreds digit of h?
3
Let p(y) = 4*y**3 + 2*y**2 - 6*y - 8. Let x be p(2). Suppose 17627 - 42207 = -x*o. What is the hundreds digit of o?
2
Let t(y) = y**2 - 15*y - 131. Let u be t(-59). What is the units digit of (-1 + 346/10)/(154/u)?
4
Let b(p) = p**3 + 8*p**2 - 20*p + 2. Let h be b(-10). Suppose -12*j - h*j + 2128 = 0. What is the hundreds digit of j?
1
Let i(o) be the second derivative of -46*o**3/3 - 9*o**2 + 12*o. What is the hundreds digit of i(-6)?
5
Let g be (-33)/(-132) - (-22)/8. Suppose -3*w + g*d = -741, 4*w - 3*d - 331 = 657. What is the hundreds digit of w?
2
Suppose -69*z + 68*z - 3 = 0, -3*k + 3*z = -174. Let t(u) = -4*u**3 - 2*u - 2. Let c be t(-2). Let h = k + c. What is the tens digit of h?
8
Suppose 3*m + 32 = -0*m + 5*h, -2*m + 4 = 3*h. Let k be (-16)/m + 2*(-3)/6. Suppose -k*y - 2*d + 63 = -259, 3*y + 5*d - 328 = 0. What is the units digit of y?
6
Let c = -146 + 165. Let l = c + 369. What is the hundreds digit of l?
3
Let a(l) be the third derivative of l**6/120 - l**5/10 + l**4/8 + 8*l**3/3 - 43*l**2. Let f be a(5). Suppose f*k = -5*k + 3179. What is the units digit of k?
9
Let r(q) = 14*q**2 + 7*q + 2. Let i be r(-1). What is the units digit of (i/54)/(39/18 + -2)?
1
Suppose 0 = -3*c + 22 - 1. Let x(g) be the second derivative of -g**5/20 + 2*g**4/3 - g**3/6 + 7*g**2 - 712*g. What is the tens digit of x(c)?
5
Suppose q - 23 = -2*x, 4*x + x - 56 = -q. Let h be 2/11 - 101/x. Let c = -1 - h. What is the units digit of c?
8
Suppose 2*m - 16 = -4*o, -5*o + 0*o + 22 = 2*m. What is the units digit of 4/o*-3*(-2480)/32?
5
Let b(w) = -4*w**2 + 2*w + 1. Let y be b(-1). Suppose 0 = 639*c - 651*c + 192. Let o = c + y. What is the units digit of o?
1
Let n be 3 + 17373/15 + (-7)/35. Suppose -5*c + 1169 = 4*l, 3*c = 4*l - 0*c - n. What is the tens digit of l?
9
Let m(h) = 107*h - 201. Let x be m(9). Let t = x + -398. What is the tens digit of t?
6
Suppose -9*x + 78 = -129. Suppose x*j - 26*j = -699. What is the units digit of j?
3
Let c = -13431 + 13411. Let h = 20 + -3. Let u = h - c. What is the tens digit of u?
3
Let q = 29 + -48. Let u = 59 - 67. What is the units digit of q/76 + (-74)/u?
9
Let c(n) = 2*n**3 - 24*n**2 - 43*n + 49. What is the hundreds digit of c(17)?
2
Suppose -237 = -2*g + g. Let i = g - 220. What is the tens digit of i?
1
Let b(m) = 18*m - 37. Let f be b(5). Let h(x) = 5*x**2 - 57 - f + x + 111. What is the units digit of h(5)?
1
Let m = -45 - -41. Let a = m + -11. What is the units digit of 6/4*(-550)/a?
5
Let x be ((-114560)/(-56))/5